inder when r is divided by 24.
22
Suppose -2*k = 3*k - 65. What is the remainder when k is divided by -2*-5*(-5)/(-10)?
3
Suppose -14*i - 490 = -19*i. Calculate the remainder when i is divided by 20.
18
Suppose -4*b + 8 = i, -3*b + 3 = 5*i + 14. Let m(k) = 12*k + 4. Calculate the remainder when m(b) is divided by 14.
12
Let u = 3 + 6. Calculate the remainder when (-16)/24 + (-50)/(-3) is divided by u.
7
Let z = -36 + 69. Calculate the remainder when 98 is divided by z.
32
Let h(w) = -2*w + 49. Calculate the remainder when h(-4) is divided by 15.
12
Let l(h) = 2*h**3 - 5*h**2 + 2*h + 3. What is the remainder when 71 is divided by l(3)?
17
Let g = -9 - -51. What is the remainder when g is divided by 11?
9
Let c be ((-8)/(-6))/(12/162). Suppose -w = 5 - c. What is the remainder when 64 is divided by w?
12
Suppose 0 = h - 1 - 11. Suppose 0*j + 204 = 3*j. Suppose m - j = -m. Calculate the remainder when m is divided by h.
10
Let h = -2 + 36. Let q = 1 - -2. Suppose -20 = 5*i, n - 5*n + 60 = q*i. What is the remainder when h is divided by n?
16
Let u(x) = -3*x + 2. Let t be u(-2). Suppose 0 = -2*y - y + 9, 4*y + t = q. What is the remainder when q is divided by 11?
9
Suppose 4*g + 120 = -g. Let u be (-1)/2 - 89/(-2). Let y = g + u. Calculate the remainder when y is divided by 7.
6
Suppose 2 = -l, w = -3*l + l + 11. Let x = 5 - 20. Calculate the remainder when w is divided by (-3)/x + (-38)/(-10).
3
Suppose 0*l - 3*l + 18 = 0. Suppose -3*a + 9 = 3*o, 3*o - 4*o - 4*a = -l. Suppose x - o - 3 = 0. Calculate the remainder when x is divided by 3.
2
Suppose -32*o + 28*o + 76 = 0. Let x be (6/(-9))/((-1)/(-9)). Calculate the remainder when ((-32)/x)/(6/63) is divided by o.
18
Let v(l) = -11*l + 9. Let o be v(-9). Suppose -3*w + 30 = -o. Calculate the remainder when w is divided by 16.
14
Let q(i) = 7*i**2 - 7*i - i**3 - 2*i**3 - 3 + 4*i**3. Suppose -o - o = 0, -4*d - 3*o - 28 = 0. What is the remainder when q(d) is divided by 16?
14
Let u be 19*(9 + (2 - 4)). Suppose 4*v + 2*p + p - u = 0, v - 16 = 5*p. What is the remainder when v is divided by 11?
9
Calculate the remainder when 27 is divided by 2/(-10) - (-51)/5.
7
Suppose 0 = 2*p + g - 16, -p - 4*p - 2*g + 42 = 0. Calculate the remainder when 4/(-6)*1872/(-32) is divided by p.
9
Let j = -17 - -31. Suppose 5 = -c + j. What is the remainder when c is divided by 6?
3
Let a = 219 - 194. Calculate the remainder when a is divided by 14.
11
What is the remainder when 123/4 + (-25)/(-20) is divided by 17?
15
Let q = 50 + -2. What is the remainder when q is divided by 5?
3
Let u be 1 + 6 + -3 + 2. Suppose 4*b - b = f, -9 = -3*b + 4*f. Calculate the remainder when (u*2)/b*-1 is divided by 7.
5
Suppose 3*w = -a + 9, -42 = -5*a - 4*w + 47. Calculate the remainder when a is divided by (-11)/(-1 - (0 + 0)).
10
Suppose -b + 0 = 2*y + 3, -3*y = -5*b - 15. Suppose -2*r + 26 + 6 = y. Let j(v) = -v**3 + 10*v**2 - 10*v - 2. Calculate the remainder when j(8) is divided by r.
14
Let w = 4 + -3. Suppose 11 - w = q. What is the remainder when q is divided by 4?
2
Let c = 1 + -1. Suppose -3*j + 0 + 9 = c. Let x = j - -6. What is the remainder when 25 is divided by x?
7
Let l = 194 - 186. What is the remainder when ((-2)/6)/(3/(-117)) is divided by l?
5
Suppose 3 = -3*f, 3*f - 4 = -2*r - f. Suppose -43 = -2*c - 0*c - 5*n, -r*n = 2*c - 42. Calculate the remainder when 55 is divided by c.
17
Calculate the remainder when ((-26)/6)/((-10)/(-6) - 2) is divided by 4.
1
Let v be (-4)/4 + (-12)/(-2). Suppose -7 = v*z - 37. Suppose 130 = -j + z*j. What is the remainder when j is divided by 9?
8
Let w(z) = -2*z**3 - 3*z**2 - z + 3. Suppose 0 = h + 1 + 2. Calculate the remainder when w(h) is divided by 17.
16
Let k(g) = -g + 30. What is the remainder when k(10) is divided by 3?
2
Suppose -x + 4*x = 6. Let d(k) = -2 - k**x + 4*k**2 - 3*k + 2*k**2 - k**3. Calculate the remainder when 7 is divided by d(4).
1
Let h = 130 - 123. What is the remainder when 27 is divided by h?
6
Suppose -5*c + 2*w + 0*w + 431 = 0, -434 = -5*c + 3*w. Calculate the remainder when c is divided by 22.
19
Let x(t) = -4*t + 4. Let c be x(4). Let w = c - -8. Let l(v) = -2*v**3 - 5*v**2 + 2*v - 5. What is the remainder when l(w) is divided by 12?
11
Calculate the remainder when 0 - 2 - (-8)/2 is divided by 4 + -5 + (0 - -2).
0
Let g = 41 + 10. Let q = -34 + g. Calculate the remainder when 65 is divided by q.
14
Suppose -5*b + 71 = 21. Suppose -n = -6*n + b. Let r = -81 - -88. Calculate the remainder when r is divided by n.
1
Let g = 283 + -147. Calculate the remainder when g is divided by 14.
10
Let p be (-58)/(-18) - 4/18. Let k = p - -15. What is the remainder when k is divided by 10?
8
Suppose -4*u - 104 = -6*u - 2*i, 2*u - 3*i = 84. What is the remainder when u is divided by 17?
14
Suppose -t = -4*x + 9, -x = 3*x - 12. What is the remainder when 7 is divided by t?
1
Suppose -42*l + 37*l + 30 = 0. What is the remainder when 40 is divided by l?
4
What is the remainder when (-138)/(-4) - 3/6 is divided by 12?
10
Suppose 1 = -h - 2. Let y = h + 18. Calculate the remainder when y is divided by 9.
6
Let b(w) = -w**2 + 3*w + 2. Let k be b(2). Suppose -g - 8 = -k*y + 14, 2*g - 16 = -2*y. Calculate the remainder when y is divided by (-1)/2*8*-1.
2
Let d(y) = 39*y**2 - 4*y - 3. What is the remainder when d(-2) is divided by 27?
26
Suppose 0 = b - 4*x - 10, -3*b + 6*b = -x + 4. Let l = b + 0. Calculate the remainder when 5 is divided by l.
1
Let z = -12 + 17. Let o = -4 - -7. What is the remainder when z is divided by o?
2
Suppose 1 + 4 = -c. Let y = c - -7. What is the remainder when -2 + 18 + y + -2 is divided by 6?
4
Suppose -4*u - 2*m + 0*m + 10 = 0, 3*u - 3*m = 12. Let d(i) = i**2 + 3. Calculate the remainder when d(u) is divided by 7.
5
Let j(k) = -4*k**2 + 18*k + 20. Suppose 3*c + 1 = -w + c, w + 5*c + 13 = 0. What is the remainder when j(5) is divided by w?
3
Calculate the remainder when 84/(-210) + (1 - (-144)/10) is divided by 4.
3
What is the remainder when ((-14)/3)/((-32)/528) is divided by 20?
17
Let h(l) = l**3 - 3*l**2 - 7*l + 9. Let v(u) = -u**3 + 4*u**2 + 6*u - 9. Let n(j) = 4*h(j) + 5*v(j). Calculate the remainder when n(8) is divided by 3.
1
Let k = 6 - 0. Suppose 0 = -7*p + 3*p + 32. Let q = 9 + p. Calculate the remainder when q is divided by k.
5
Suppose -4*k = -5*k. Let i(b) = b + 13. Calculate the remainder when i(k) is divided by 7.
6
Suppose 3 = -k + 9. Let m = 16 + k. Suppose -4*c + 2*c + m = 0. What is the remainder when 42 is divided by c?
9
Suppose -3*m + 22 = -2*r, -3*m = -2*m + r + 1. Let u = m - -21. Let a = 18 - 9. Calculate the remainder when u is divided by a.
7
Let u(n) = -1 + 7*n + 1 - 5*n. Calculate the remainder when u(1) is divided by 1.
0
Let v = 66 + -29. Calculate the remainder when v is divided by 20.
17
Suppose 2*d = -4*w + 2, 3*d + w + 0*w = 18. What is the remainder when d is divided by 3?
1
Suppose -2*q + 171 - 57 = 0. What is the remainder when 224 is divided by q?
53
Let s(c) = 6*c**2 + 2*c - 2. Suppose l = h - 0*l + 4, -4*l = 2*h - 10. Let b be 2/(-2 - h - -2). Calculate the remainder when s(b) is divided by 9.
8
Suppose 3*r - 3*k - 5 + 2 = 0, -4*r + 10 = -k. Let m = 6 + r. Calculate the remainder when 17 is divided by m.
8
Suppose 3*v = 2*f - 18, 5*f - f + v = 22. Calculate the remainder when f is divided by (-13)/(-5) + (-2)/(-5).
0
Let c = 2 + -1. Calculate the remainder when 4 is divided by c.
0
Let t be ((-21)/6)/((-2)/(-96)). Calculate the remainder when 31 is divided by 2/4 - t/16.
9
Suppose -2*o + 3 = -o. Suppose 5 = o*q - 4. What is the remainder when 7 is divided by q?
1
Suppose 0 = -5*m - 0*k - 5*k + 25, 2*k + 8 = 0. Calculate the remainder when 35 is divided by m.
8
Let z = -15 - -26. Suppose -z = -2*b + 83. Calculate the remainder when b is divided by 12.
11
Suppose -k + 59 - 2 = 0. Calculate the remainder when k is divided by 15.
12
Let r(v) = v**2 - 7*v + 2. Let n be r(12). Let y = n + -39. What is the remainder when 43 is divided by y?
20
Let i(p) = 3*p**2 + 7*p + 10. What is the remainder when i(3) is divided by 25?
8
Let y(i) = 4*i + 1. Let x(g) = -7*g - 3. Let c(p) = -3*x(p) - 5*y(p). What is the remainder when 47 is divided by c(12)?
15
What is the remainder when 141*2/3*(-3 + 4) is divided by 24?
22
Le